at is the remainder when 644686 is divided by 22?
20
Calculate the remainder when 253 is divided by 6.
1
Calculate the remainder when 235523 is divided by 57.
56
What is the remainder when 7841 is divided by 7840?
1
What is the remainder when 306 is divided by 167?
139
What is the remainder when 87764 is divided by 9?
5
Calculate the remainder when 9116 is divided by 213.
170
Calculate the remainder when 80826 is divided by 121.
119
Calculate the remainder when 27362 is divided by 9114.
20
Calculate the remainder when 8306594 is divided by 519.
518
What is the remainder when 23711 is divided by 349?
328
Calculate the remainder when 2774 is divided by 640.
214
What is the remainder when 57957 is divided by 536?
69
What is the remainder when 1787 is divided by 1688?
99
Calculate the remainder when 269505 is divided by 414.
405
Calculate the remainder when 137176 is divided by 226.
220
What is the remainder when 11160 is divided by 11074?
86
What is the remainder when 5994 is divided by 23?
14
Calculate the remainder when 14838 is divided by 924.
54
Calculate the remainder when 44495 is divided by 14818.
41
Calculate the remainder when 753 is divided by 5.
3
What is the remainder when 8023 is divided by 802?
3
What is the remainder when 150283 is divided by 2504?
43
What is the remainder when 32680 is divided by 82?
44
What is the remainder when 220372 is divided by 239?
14
Calculate the remainder when 2037 is divided by 183.
24
Calculate the remainder when 235465 is divided by 46.
37
Calculate the remainder when 2230 is divided by 394.
260
What is the remainder when 236962 is divided by 4308?
22
What is the remainder when 18201 is divided by 1213?
6
What is the remainder when 16208 is divided by 16095?
113
What is the remainder when 133447 is divided by 56?
55
Calculate the remainder when 25369 is divided by 603.
43
What is the remainder when 8032 is divided by 96?
64
What is the remainder when 22137 is divided by 675?
537
What is the remainder when 20479 is divided by 4915?
819
What is the remainder when 138604 is divided by 733?
67
Calculate the remainder when 81155 is divided by 81155.
0
What is the remainder when 2020 is divided by 1925?
95
Calculate the remainder when 906 is divided by 276.
78
What is the remainder when 42565 is divided by 10641?
1
What is the remainder when 1090 is divided by 966?
124
Calculate the remainder when 1015 is divided by 436.
143
What is the remainder when 22242 is divided by 145?
57
What is the remainder when 126103 is divided by 23?
17
Calculate the remainder when 39849 is divided by 687.
3
Calculate the remainder when 13996 is divided by 200.
196
What is the remainder when 28963 is divided by 216?
19
Calculate the remainder when 4021091 is divided by 1105.
1101
Calculate the remainder when 87015 is divided by 73.
72
What is the remainder when 1831594 is divided by 1928?
1922
Calculate the remainder when 182121 is divided by 1401.
1392
What is the remainder when 9671 is divided by 483?
11
What is the remainder when 125019 is divided by 470?
469
What is the remainder when 156287 is divided by 264?
263
Calculate the remainder when 1886 is divided by 254.
108
Calculate the remainder when 5807 is divided by 218.
139
What is the remainder when 6706 is divided by 895?
441
Calculate the remainder when 794 is divided by 115.
104
What is the remainder when 1842182 is divided by 1083?
1082
What is the remainder when 27131 is divided by 24?
11
Calculate the remainder when 115097 is divided by 21.
17
What is the remainder when 13522 is divided by 42?
40
Calculate the remainder when 7918 is divided by 1123.
57
What is the remainder when 2493 is divided by 95?
23
Calculate the remainder when 99228 is divided by 4510.
8
What is the remainder when 41801 is divided by 45?
41
What is the remainder when 8301 is divided by 2756?
33
Calculate the remainder when 3457 is divided by 193.
176
Calculate the remainder when 6660 is divided by 14.
10
Calculate the remainder when 25387 is divided by 11.
10
What is the remainder when 26006 is divided by 2010?
1886
Calculate the remainder when 44239 is divided by 147.
139
Calculate the remainder when 21019 is divided by 158.
5
Calculate the remainder when 1736 is divided by 508.
212
What is the remainder when 322224 is divided by 4?
0
Calculate the remainder when 7171 is divided by 1433.
6
What is the remainder when 24394 is divided by 112?
90
Calculate the remainder when 12878 is divided by 15.
8
What is the remainder when 55483 is divided by 840?
43
What is the remainder when 96820 is divided by 163?
161
Calculate the remainder when 7519 is divided by 2450.
169
What is the remainder when 2295 is divided by 386?
365
Calculate the remainder when 1429 is divided by 70.
29
What is the remainder when 3326 is divided by 3288?
38
Calculate the remainder when 1061 is divided by 79.
34
Calculate the remainder when 17866 is divided by 126.
100
Calculate the remainder when 31454 is divided by 715.
709
Calculate the remainder when 32918 is divided by 184.
166
What is the remainder when 1893 is divided by 254?
115
Calculate the remainder when 3959 is divided by 988.
7
Calculate the remainder when 97273 is divided by 19448.
33
Calculate the remainder when 99701 is divided by 55.
41
What is the remainder when 794201 is divided by 941?
938
Calculate the remainder when 6761 is divided by 1337.
76
What is the remainder when 49270 is divided by 15?
10
What is the remainder when 27512 is divided by 44?
12
What is the remainder when 844113 is divided by 182?
179
What is the remainder when 1542511 is divided by 21?
19
Calculate the remainder when 103216 is divided by 3819.
103
What is the remainder when 748979 is divided by 746?
741
Calculate the remainder when 3676376 is divided by 223.
221
Calculate the remainder when 45843 is divided by 276.
27
What is the remainder when 16905 is divided by 24?
9
Calculate the remainder when 1348639 is divided by 32.
31
Calculate the remainder when 607995 is divided by 50.
45
What is the remainder when 47041 is divided by 4250?
291
Calculate the remainder when 133316 is divided by 91.
1
What is the remainder when 284 is divided by 12?
8
What is the remainder when 676 is divided by 278?
120
Calculate the remainder when 29552 is divided by 14.
12
What is the remainder when 10058 is divided by 13?
9
What is the remainder when 1304913 is divided by 3?
0
Calculate the remainder when 25887 is divided by 25878.
9
What is the remainder when 107039 is divided by 299?
296
Calculate the remainder when 220462 is divided by 16.
14
What is the remainder when 43193 is divided by 240?
233
What is the remainder when 2936 is divided by 646?
352
What is the remainder when 14658 is divided by 921?
843
Calculate the remainder when 2224 is divided by 311.
47
Calculate the remainder when 202597 is divided by 1206.
1195
Calculate the remainder when 96890 is divided by 4404.
2
Calculate the remainder when 7323 is divided by 1397.
338
What is the remainder when 24855 is divided by 27?
15
What is the remainder when 2060 is divided by 341?
14
Calculate the remainder when 36854 is divided by 94.
6
What is the remainder when 7422 is divided by 256?
254
Calculate the remainder when 32313 is divided by 115.
113
Calculate the remainder when 16976 is divided by 5579.
239
Calculate the remainder when 38807 is divided by 6466.
11
What is the remainder when 12071 is divided by 3760?
791
Calculate the remainder when 11312 is divided by 323.
7
What is the remainder when 7149 is divided by 49?
44
Calculate the remainder when 1207062 is divided by 201176.
6
What is the remainder when 147412 is divided by 140?
132
Calculate the remainder when 122462 is divided by 304.
254
Calculate the remainder when 3812 is divided by 109.
106
What is the remainder when 2522 is divided by 107?
61
Calculate the remainder when 12760 is divided by 10.
0
What is the remainder when 10755 is divided by 47?
39
Calculate the remainder when 8114 is divided by 360.
194
What is the remainder when 98550 is divided by 98480?
70
What is the remainder when 16513 is divided by 384?
1
Calculate the remainder when 11830 is divided by 455.
0
Calculate the remainder when 6139 is divided by 2046.
1
What is the remainder when 673 is divided by 12?
